 = i**3 + 2*i**2 - 8*i + 2. Let p be h(-4). Calculate the highest common divisor of p and 5.
1
Suppose 3*p - 8*l + 3*l = 199, p - 53 = -l. Calculate the greatest common factor of 638 and p.
58
Suppose -5*f = 4*l + 11, 2*l = -5*f + 1 + 6. Let t be (4/6)/(l/(-135)). Let a = -4 + 14. What is the greatest common factor of a and t?
10
Let w be 90 + (-3 + 2)*2/(-2). Let k be 13*((-2)/(-2) + 0). Calculate the greatest common factor of w and k.
13
Let d = -32 + 45. Suppose 4*n + 5*b = 20, -3*b + 0*b = -n - 12. Suppose i = -n*i + 26. Calculate the greatest common factor of d and i.
13
Let b = 1 - 11. Let f(n) = n**2 - 13*n - 4. Let o be f(b). Suppose 94 = 4*d - o. Calculate the greatest common divisor of d and 20.
20
Let n(d) = 7*d - 7. Let p be n(3). Calculate the greatest common divisor of p and 14.
14
Suppose 0 = -2*p + 5*k + 53, -2*p + p - 3*k + 21 = 0. What is the greatest common divisor of p and 264?
24
Let i = 15 - 11. Let a = i - -14. What is the greatest common factor of 72 and a?
18
Let q = -27 - -39. Let v = q + -5. Calculate the greatest common divisor of v and 7.
7
Suppose -2 = 2*n - 4. Let m be n/3 - (-124)/(-12). Let b = 1 - m. What is the highest common factor of 11 and b?
11
Let v be (-114)/(-9) + 2/(-3). Let m(o) = -2*o**3 - 3*o**2 + o. Let z be m(2). Let w = 86 + z. Calculate the greatest common factor of v and w.
12
Suppose 4*y - 40 = 5*o, -4*o = -2*o. Let m = -27 - -57. Calculate the highest common factor of m and y.
10
Let v be (-537)/(-6) + 2/4. Suppose 4*o - 5*l - 52 = -0*o, -2*o - 4*l + 52 = 0. What is the highest common factor of o and v?
18
Suppose 0 = 4*q - 2*q - 418. Calculate the highest common factor of q and 19.
19
Let b(m) = 2*m**2 - 2*m + 8. Let g be b(6). Let p = 65 + -48. Calculate the greatest common divisor of p and g.
17
Suppose 0 = -5*b - 10, t + 12 = 6*t - b. Let u = -3 + 5. Suppose 0 = 4*n + u*g + 29 - 87, n = -2*g + 10. What is the greatest common factor of n and t?
2
Let k(h) = 10*h**2 - h + 9. Let m be k(-5). What is the greatest common factor of 33 and m?
33
Suppose -3*j + 9*k - 4*k = -248, -4*k = -2*j + 168. Calculate the greatest common factor of 57 and j.
19
Let q(v) = -v + 1. Let w be q(-1). Suppose 5*o + 9 = 4*g, 3*g + 2*g - w*o - 24 = 0. Calculate the greatest common factor of 42 and g.
6
Let x(d) = -d**3 + 10*d**2 + 10. Let r be x(10). Let p = r + -194. Let j be p/(-18) - (-2)/(-9). What is the highest common factor of j and 10?
10
Let c(r) = -12*r + 2. Let b be c(-2). What is the greatest common factor of 13 and b?
13
Suppose 0 = -2*s + 6*s - 8, 3*s + 72 = 3*k. Calculate the highest common divisor of 39 and k.
13
Let k(c) = -c + 7. Let l be k(-5). Calculate the highest common divisor of l and 132.
12
Let h(s) be the second derivative of s**4/12 - s**3/6 - s**2/2 + 3*s. Let a be h(-3). Calculate the highest common factor of 11 and a.
11
Suppose 4*n + 2*n = 84. Let z = 23 + 33. What is the greatest common factor of z and n?
14
Suppose -3*w + 12 = -15. Suppose 5*r - 16 - w = 0. Let x be (-6)/9 - 214/(-6). What is the highest common divisor of x and r?
5
Let i = 37 + -103. Let u be (-24)/(-18)*i/(-4). Suppose 3*o = 3*v + 66, -4*v = -2*v. What is the greatest common factor of o and u?
22
Let d = 36 + -29. Let h = 1 - 1. Suppose 2*r - r - 7 = h. What is the highest common divisor of d and r?
7
Suppose -114 = -m + b + 62, -3*m - b = -524. What is the greatest common divisor of 25 and m?
25
Let i = -4 + 8. Suppose 0 = i*u + 21 - 549. Calculate the greatest common divisor of u and 12.
12
Suppose -3*u + 78 = -u. Let l = 4 - 4. Suppose 5*c = -3*x + 34, c + l*c - 12 = -x. What is the greatest common factor of x and u?
13
Suppose 4*p = 22 + 26. Let i be (-4)/(-10) - 166/(-10). Suppose -b - 5*c = -i, -1 = -3*b - 4*c + 39. What is the greatest common factor of p and b?
12
Suppose 2*p = 26 + 4. What is the greatest common divisor of 90 and p?
15
Let x(d) = -d**3 + 8*d**2 - 6*d - 2. Let v be x(6). Let s be (1 - (-1 - -3))*-17. What is the highest common factor of s and v?
17
Let f(g) = g**3 + 11*g**2 + 3*g - 3. Let t be f(-9). Let y = 3 + 1. Let v be (0 - 1 - -4)*y. Calculate the greatest common factor of t and v.
12
Let t(r) = 3*r - 24. Let i be t(11). What is the greatest common factor of 27 and i?
9
Let w(k) be the second derivative of 0 + 1/6*k**3 - 1/2*k**2 - k. Let v be w(6). What is the highest common divisor of v and 15?
5
Let g = 56 - 38. Let u = 2 + 0. Calculate the highest common factor of u and g.
2
Let c be (-2)/(-8) - 15/(-4). Suppose 0 = -k - 2 + 6. What is the highest common factor of c and k?
4
Let d be (-2)/(-7) - (-38)/14. Suppose 12 = -d*y - 18. Let o be 28/y*(-5 - 0). Calculate the greatest common factor of o and 56.
14
Let m(q) = q**3 - 7*q**2 + 7*q + 5. Let u be m(6). Suppose 36 = 4*l - 4. Suppose -5*o - 5 = -l*o. Calculate the highest common factor of o and u.
1
Suppose -5*y + 3*y = -3*u + 40, 44 = -2*y + 5*u. Let k = y + 19. Calculate the highest common factor of k and 2.
2
Let n(y) = -y**2 + 5*y - 1. Let r be n(4). Suppose -z = 4*v - 36, -6 = -z + 5*v + 3. Suppose z = 4*i - 2*i. Calculate the greatest common factor of r and i.
3
Let w be 2/(-1) + 1 + 1. Suppose w = -4*l - 3 + 131. Let j = 8 - 0. What is the greatest common divisor of j and l?
8
Suppose 52 = 4*a - 216. Let o = a + -37. What is the highest common divisor of 6 and o?
6
Suppose 30 = 8*t + 2*t. Calculate the highest common divisor of 24 and t.
3
Let i = 9 - 3. Let u(p) = p**3 + 2*p**2 - 2*p + 4. Let x be u(-3). Let t be (8 - (x + 2)) + -1. What is the greatest common factor of i and t?
2
Suppose -z = -14*z + 312. Calculate the greatest common factor of z and 120.
24
Let m(o) = 2 - 11*o + 0 - o**2 - 5 - 1. Suppose 24 = -4*p + p. Let f be m(p). What is the greatest common factor of f and 20?
20
Let s(f) = -f**2 - 4*f. Let z be s(-7). Let y = 39 + z. What is the greatest common divisor of y and 45?
9
Suppose 2*s + 14 = 40. Suppose 0 = -2*j + t - 2*t + 104, j - 52 = -4*t. Calculate the greatest common factor of s and j.
13
Let w(o) = -15*o + 5. Let t be w(-4). Suppose -5*y - 165 = -5*p, y = 2*p - 0*y - t. What is the greatest common divisor of p and 8?
8
Suppose -2*u - 103 = -3*a, -2*a + 3 = 4*u - 55. Calculate the greatest common factor of a and 165.
33
Let q = 42 - 27. Let p be (3/(-2))/(14/(-420)). Calculate the highest common factor of p and q.
15
Let w be (-91)/(-28) + (-1)/4. Let x(q) = -q**3 + 4*q**2 - q + 4. Let n be x(w). What is the highest common factor of 2 and n?
2
Suppose -4*x - k + 37 + 32 = 0, 0 = -2*x - 5*k + 21. Calculate the greatest common factor of 36 and x.
18
Let n be (0 + -5)/((-7)/7). Let t be (0 + -6)*(-5)/n. What is the greatest common divisor of t and 54?
6
Let w be (-2 - (-17)/7)*7. Let m be 25/w + (-2)/6. Calculate the greatest common factor of 12 and m.
4
Let x = 0 - -14. Calculate the greatest common divisor of x and 14.
14
Let w = 6 + -4. Suppose -6*z = -w*z - 36. Calculate the greatest common divisor of z and 9.
9
Suppose 4*q - 117 - 123 = 0. What is the greatest common divisor of q and 24?
12
Let f = 8 + -6. Suppose 0 = -f*c + 7*c - j - 62, -2 = j. Suppose 1 = -m, 4*m - 117 = -2*h + m. What is the highest common factor of c and h?
12
Let j(f) = f**2 - 5*f - 10. Let s be j(8). Let t be (s/10 - -3)*5. What is the highest common divisor of 198 and t?
22
Let m be ((-44)/(-2))/(4*(-2)/(-108)). What is the highest common divisor of m and 33?
33
Let r(v) = -2*v**3 - 10*v**2 + 10*v - 9. Let t be r(-6). Calculate the greatest common divisor of t and 27.
3
Suppose 4*o + 80 = 4*h, -2*h + h + 4*o = -32. Calculate the greatest common factor of h and 12.
4
Let c(j) = j**2 - j - 9. Let i be c(5). Calculate the highest common factor of i and 121.
11
Suppose -2*o = -4*o + w + 53, 2*w + 130 = 5*o. What is the greatest common divisor of 168 and o?
24
Let q = 25 + -15. What is the greatest common factor of 100 and q?
10
Suppose 6*x - 145 - 47 = 0. What is the greatest common divisor of 8 and x?
8
Suppose 6*i - 20 = i. Let z be 14/i + (-6)/(-12). What is the greatest common divisor of z and 2?
2
Suppose 2*f + 7 = 2*j - f, 0 = -3*j + 5*f + 11. Let p be 137*j/6*3. Let x = p - 32. Calculate the greatest common divisor of 15 and x.
15
Let x = 74 + -26. Suppose 0*n + 4*n = x. Suppose 0 = -3*y + 400 - 76. Calculate the 